ase 8.
122277
Convert 102526 (base 10) to base 14.
29514
2262c9 (base 14) to base 4
10131201221
-1132340143 (base 5) to base 11
-1530469
Convert 101220200102 (base 3) to base 7.
1553210
Convert -290931 (base 13) to base 2.
-11110100011011101100
What is 33415324 (base 6) in base 11?
632405
Convert -146ba1a (base 14) to base 10.
-9943496
13353644 (base 7) to base 8
4566317
621343 (base 8) to base 7
1514145
Convert 205505 (base 8) to base 9.
113763
Convert 19b5d (base 15) to base 12.
40437
-5515 (base 8) to base 14
-10a9
-142441014 (base 6) to base 13
-7b7360
121121222122 (base 4) to base 16
659a9a
Convert 140dc (base 15) to base 6.
1213500
What is 1010101112002 (base 3) in base 12?
24a1a8
What is 1663664 (base 8) in base 15?
98bd5
Convert 750042 (base 11) to base 12.
49a968
Convert 22212002121201 (base 3) to base 15.
62e631
Convert -254600 (base 8) to base 3.
-11111022212
Convert -201221300232 (base 4) to base 11.
-4a85a54
What is -34aab5 (base 13) in base 11?
-78565a
What is -136ab7 (base 14) in base 9?
-1233305
What is -b9a190 (base 14) in base 15?
-84389a
Convert 1137334 (base 8) to base 11.
1a2731
What is -6264662 (base 8) in base 6?
-55410242
Convert 35b53 (base 12) to base 2.
10001101100101111
Convert 829427 (base 11) to base 5.
320031212
Convert -101111100100001111 (base 2) to base 10.
-194831
Convert -1540a (base 16) to base 3.
-11102102002
Convert -aeeb (base 16) to base 4.
-22323223
bb974 (base 13) to base 7
2614056
-112022120221011 (base 3) to base 5
-3421444002
What is -20318148 (base 9) in base 2?
-100101001101101111010011
Convert -562442 (base 7) to base 8.
-302031
What is 51564030 (base 8) in base 3?
202120201122122
-130935 (base 13) to base 5
-104133131
Convert -100100001011110101101010 (base 2) to base 8.
-44136552
Convert -3223212021 (base 4) to base 6.
-32403333
Convert 57093 (base 15) to base 7.
2232153
What is 2709719 (base 10) in base 15?
387d2e
Convert -1941721 (base 10) to base 4.
-13122003121
Convert -245a64 (base 14) to base 9.
-2306832
-86a4b (base 13) to base 16
-3b6df
4a943 (base 15) to base 9
402840
Convert -5641417 (base 8) to base 2.
-101110100001100001111
Convert 136713 (base 9) to base 6.
1443233
Convert -125006 (base 8) to base 4.
-22220012
What is -111333013130 (base 4) in base 2?
-10101111111000111011100
12344111314 (base 5) to base 3
1001122101122001
120000221202111 (base 3) to base 6
443132321
Convert -18a00b (base 15) to base 3.
-2020212112102
What is 513087 (base 10) in base 14?
d4db1
What is 14117034 (base 8) in base 15?
42e0d9
Convert -1052047 (base 9) to base 4.
-2022013303
What is -2580998 (base 10) in base 9?
-4763415
Convert -2338a47 (base 13) to base 10.
-10872505
Convert 49514 (base 10) to base 12.
247a2
What is -10011001000 (base 3) in base 8?
-171050
Convert -711642 (base 10) to base 9.
-1304163
What is 1143078 (base 9) in base 11?
393070
What is 116215 (base 7) in base 5?
1141001
432166 (base 8) to base 12
6b75a
Convert -8b6758 (base 13) to base 5.
-1321031303
Convert -50c87 (base 14) to base 7.
-1440130
Convert 87ca54 (base 14) to base 4.
101210220002
Convert 51c612 (base 15) to base 4.
32311203113
177420 (base 10) to base 4
223110030
1010010010101001010 (base 2) to base 12
1431a2
-55861b (base 12) to base 9
-2506055
Convert -a323d (base 15) to base 12.
-20b157
What is 1a028 (base 15) in base 12?
40a25
What is -1013014 (base 7) in base 3?
-20011002211
Convert 401515 (base 8) to base 5.
13210132
434537 (base 10) to base 9
732058
70126 (base 13) to base 2
110000110111000000
162543 (base 12) to base 16
5c283
-4ba157 (base 12) to base 3
-2100001012211
11111011000110001000 (base 2) to base 7
11512336
Convert -15105013 (base 6) to base 14.
-d8397
49b43a (base 13) to base 9
3283018
Convert -1eb8b2 (base 15) to base 9.
-2746455
10879139 (base 10) to base 14
16329b5
What is -2407649 (base 10) in base 8?
-11136341
-30022012322 (base 4) to base 6
-152151122
Convert -101000101101010101100 (base 2) to base 4.
-11011222230
Convert 100100020 (base 3) to base 15.
2040
-1103322123 (base 4) to base 9
-573426
What is -54123124 (base 6) in base 7?
-16402030
What is -1633720 (base 8) in base 15?
-95260
Convert -bc51eb (base 16) to base 2.
-101111000101000111101011
1ad871 (base 15) to base 12
532aba
What is -1001200020111 (base 3) in base 9?
-1050214
Convert 4601aa (base 12) to base 11.
6a5539
What is 21021651 (base 7) in base 10?
1770210
Convert 5d413 (base 14) to base 10.
228553
Convert -43110443 (base 5) to base 15.
-72968
Convert -1110001111010000000111 (base 2) to base 13.
-a08b95
What is 12122122123 (base 4) in base 16?
19a69b
Convert -112919 (base 14) to base 16.
-8e75b
What is 58a4a (base 13) in base 3?
22020101221
Convert 9e72e (base 15) to base 16.
7b2ae
What is 1804d9 (base 16) in base 13?
431630
Convert c9450a (base 13) to base 9.
8786577
What is -201101131 (base 5) in base 2?
-11000011010110100110
-1ab39a (base 13) to base 10
-681704
What is -1404556 (base 7) in base 12?
-8bb47
642222 (base 8) to base 3
101212202221
-5b9e0 (base 16) to base 13
-101a66
Convert -2b7799 (base 16) to base 11.
-1676276
21245 (base 14) to base 9
131701
What is -127a46c (base 15) in base 2?
-110010101110101101000110
What is -24a446 (base 11) in base 10?
-394510
-1331301210 (base 4) to base 16
-7dc64
2472806 (base 9) to base 14
270d09
What is 4021161 (base 9) in base 4?
20022121213
Convert -42395 (base 10) to base 12.
-2064b
-942b64 (base 12) to base 16
-2383fc
Convert -35742 (base 9) to base 5.
-1231213
What is 1087a16 (base 11) in base 5?
441233413
-20010010120 (base 3) to base 14
-31c29
Convert -522010134 (base 6) to base 8.
-42420712
Convert -1144553131 (base 6) to base 4.
-302000213233
55003a (base 11) to base 4
3112132213
What is -5c0a05 (base 13) in base 6?
-115101152
What is -27bac5 (base 13) in base 9?
-1735515
86a583 (base 11) to base 6
45444220
What is -12b470 (base 14) in base 8?
-2355132
-44660514 (base 7) to base 4
-32303111100
Convert 497707 (base 12) to base 2.
100100011110000110111
What is -33034121 (base 5) in base 3?
-112102002222
-98196 (base 11) to base 9
-236602
What is -13209 (base 15) in base 6?
-1151213
333041111 (base 5) to base 12
5a2571
What is 2c94a (base 16) in base 10?
182602
What is 5061107 (base 8) in base 13?
37a07c
Convert -24c60 (base 16) to base 9.
-248550
What is -2340326 (base 8) in base 12?
-269a9a
-20011220010202 (base 3) to base 9
-6156122
Convert 726776 (base 11) to base 9.
2165751
What is 1a03b (base 14) in base 5?
4102114
Convert -10051255 (base 6) to base 7.
-2302655
What is -10428135 (base 10) in base 16?
-9f1ee7
107054 (base 9) to base 16
fac9
What is -1022304 (base 12) in base 15?
-3ed29d
Convert -112d1a (base 15) to base 2.
-11001000000111110100
400217 (base 8) to base 14
35b67
What is -19138 (base 16) in base 5?
-11241322
-606227 (base 10) to base 11
-384516
What is 191296 (base 10) in base 9?
321361
38019 (base 14) to base 13
4a5c8
Convert -108562 (base 10) to base 8.
-324022
Convert 1101232230 (base 4) to base 2.
1010001101110101100
What is -1200002 (base 6) in base 14?
-18958
Convert 3012231011 (base 4) to base 9.
1470405
Convert -298b1 (base 13) to base 4.
-103020313
20036 (base 14) to base 11
52841
What is -54081 (base 12) in base 16?
-1b061
-1313024204 (base 5) to base 14
-6090ba
Convert 1090103 (base 10) to base 14.
2053a7
788321 (base 9) to base 15
94c6a
What is -41c736 (base 13) in base 11?
-963025
131311112323 (base 4) to base 6
435343031
100101101000110011010 (base 2) to base 8
4550632
Convert -81943 (base 12) to base 7.
-1302414
What is -2368004 (base 10) in base 16?
-242204
Convert -5002353 (base 6) to base 4.
-321011331
281a99 (base 12) to base 15
d28ac
2011102111111 (base 3) to base 10
1149997
103220332 (base 4) to base 12
3a67a
-100101000101000111001 (base 2) to base 3
-2021201201020
1a73a37 (base 11) to base 5
1343133201
What is -246750 (base 8) in base 14?
-2321a
What is -113bc0 (base 14) in base 11?
-370961
Convert 69a87 (base 13) to base 7.
1432336
What is 22bad (base 16) in base 13?
4c997
Convert -d1078 (base 14) to base 7.
-4161211
-3a735c (base 14) to base 4
-13230203212
Convert -717767 (base 8) to base 15.
-4a5c4
Convert 34400420 (base 6) to base 3.
1222201212210
-100000100011100100110 (base 2) to base 14
-1daab4
-365606 (base 11) to base 16
-8d352